{"id":18,"date":"2019-01-11T16:28:52","date_gmt":"2019-01-11T15:28:52","guid":{"rendered":"https:\/\/cc-lesrochesdouvres.fr\/?page_id=18"},"modified":"2019-01-23T14:43:34","modified_gmt":"2019-01-23T13:43:34","slug":"capiliss","status":"publish","type":"page","link":"https:\/\/cc-lesrochesdouvres.fr\/index.php\/capiliss\/","title":{"rendered":"Capiliss"},"content":{"rendered":"\n<p style=\"text-align:center\"><strong>Horaires : Ouvert tous les jours du lundi au samedi, <br>et sur l&rsquo;heure de midi&nbsp;(uniquement&nbsp;sur&nbsp;rendez-vous)<\/strong><\/p>\n\n\n\n<p style=\"text-align:center\"><strong>Contact : 02 96 20 14 21<\/strong><br><\/p>\n\n\n\n<div class=\"wp-block-image\"><figure class=\"aligncenter\"><img loading=\"lazy\" width=\"900\" height=\"600\" src=\"https:\/\/cc-lesrochesdouvres.fr\/wp-content\/uploads\/2019\/01\/LOeil-de-Paco-Coiffeur-Deglave-16.jpg\" alt=\"\" class=\"wp-image-125\" srcset=\"https:\/\/cc-lesrochesdouvres.fr\/wp-content\/uploads\/2019\/01\/LOeil-de-Paco-Coiffeur-Deglave-16.jpg 900w, https:\/\/cc-lesrochesdouvres.fr\/wp-content\/uploads\/2019\/01\/LOeil-de-Paco-Coiffeur-Deglave-16-300x200.jpg 300w, https:\/\/cc-lesrochesdouvres.fr\/wp-content\/uploads\/2019\/01\/LOeil-de-Paco-Coiffeur-Deglave-16-768x512.jpg 768w\" sizes=\"(max-width: 900px) 100vw, 900px\" \/><\/figure><\/div>\n\n\n\n<p>Dans son espace de 100m<sup>2<\/sup>, le salon d\u00e9die un espace exclusivement r\u00e9serv\u00e9s aux femmes et un autre d\u00e9di\u00e9 aux hommes : le Barber shop, espace sp\u00e9cialis\u00e9 dans la coiffure homme et la taille de barbes.<\/p>\n\n\n\n<div class=\"wp-block-image\"><figure class=\"aligncenter\"><img loading=\"lazy\" width=\"900\" height=\"600\" src=\"https:\/\/cc-lesrochesdouvres.fr\/wp-content\/uploads\/2019\/01\/LOeil-de-Paco-Coiffeur-Deglave-39.jpg\" alt=\"\" class=\"wp-image-127\" srcset=\"https:\/\/cc-lesrochesdouvres.fr\/wp-content\/uploads\/2019\/01\/LOeil-de-Paco-Coiffeur-Deglave-39.jpg 900w, https:\/\/cc-lesrochesdouvres.fr\/wp-content\/uploads\/2019\/01\/LOeil-de-Paco-Coiffeur-Deglave-39-300x200.jpg 300w, https:\/\/cc-lesrochesdouvres.fr\/wp-content\/uploads\/2019\/01\/LOeil-de-Paco-Coiffeur-Deglave-39-768x512.jpg 768w\" sizes=\"(max-width: 900px) 100vw, 900px\" \/><\/figure><\/div>\n\n\n\n<p>L&rsquo;\u00e9quipe compos\u00e9e de Yann, Cindy et Lor\u00e8ne est toujours \u00e0 l&rsquo;aff\u00fbt des tendances et en formation continue avec la marque R\u00e9veillon Paris.<\/p>\n\n\n\n<blockquote class=\"wp-block-quote\"><p>Nous faisons r\u00e9guli\u00e8rement des stages chez cette grande marque reconnue dans la cosm\u00e9tique.<\/p><\/blockquote>\n\n\n\n<div class=\"wp-block-image\"><figure class=\"aligncenter\"><img loading=\"lazy\" width=\"400\" height=\"600\" src=\"https:\/\/cc-lesrochesdouvres.fr\/wp-content\/uploads\/2019\/01\/LOeil-de-Paco-Coiffeur-Deglave-75.jpg\" alt=\"\" class=\"wp-image-136\" srcset=\"https:\/\/cc-lesrochesdouvres.fr\/wp-content\/uploads\/2019\/01\/LOeil-de-Paco-Coiffeur-Deglave-75.jpg 400w, https:\/\/cc-lesrochesdouvres.fr\/wp-content\/uploads\/2019\/01\/LOeil-de-Paco-Coiffeur-Deglave-75-200x300.jpg 200w\" sizes=\"(max-width: 400px) 100vw, 400px\" \/><\/figure><\/div>\n","protected":false},"excerpt":{"rendered":"<p>Horaires : Ouvert tous les jours du lundi au samedi, et sur l&rsquo;heure de midi&nbsp;(uniquement&nbsp;sur&nbsp;rendez-vous) Contact : 02 96 20 14 21 Dans son espace de 100m2, le salon d\u00e9die un espace exclusivement r\u00e9serv\u00e9s aux femmes et un autre d\u00e9di\u00e9 aux hommes : le Barber shop, espace sp\u00e9cialis\u00e9 dans la coiffure homme et la taille [&hellip;]<\/p>\n","protected":false},"author":1,"featured_media":0,"parent":0,"menu_order":0,"comment_status":"closed","ping_status":"closed","template":"fullwidth.php","meta":[],"_links":{"self":[{"href":"https:\/\/cc-lesrochesdouvres.fr\/index.php\/wp-json\/wp\/v2\/pages\/18"}],"collection":[{"href":"https:\/\/cc-lesrochesdouvres.fr\/index.php\/wp-json\/wp\/v2\/pages"}],"about":[{"href":"https:\/\/cc-lesrochesdouvres.fr\/index.php\/wp-json\/wp\/v2\/types\/page"}],"author":[{"embeddable":true,"href":"https:\/\/cc-lesrochesdouvres.fr\/index.php\/wp-json\/wp\/v2\/users\/1"}],"replies":[{"embeddable":true,"href":"https:\/\/cc-lesrochesdouvres.fr\/index.php\/wp-json\/wp\/v2\/comments?post=18"}],"version-history":[{"count":10,"href":"https:\/\/cc-lesrochesdouvres.fr\/index.php\/wp-json\/wp\/v2\/pages\/18\/revisions"}],"predecessor-version":[{"id":158,"href":"https:\/\/cc-lesrochesdouvres.fr\/index.php\/wp-json\/wp\/v2\/pages\/18\/revisions\/158"}],"wp:attachment":[{"href":"https:\/\/cc-lesrochesdouvres.fr\/index.php\/wp-json\/wp\/v2\/media?parent=18"}],"curies":[{"name":"wp","href":"https:\/\/api.w.org\/{rel}","templated":true}]}}

<p style="text-align:center"><strong>Horaires : Ouvert tous les jours du lundi au samedi, <br>et sur l&rsquo;heure de midi&nbsp;(uniquement&nbsp;sur&nbsp;rendez-vous)</strong></p>



<p style="text-align:center"><strong>Contact : 02 96 20 14 21</strong><br></p>



<div class="wp-block-image"><figure class="aligncenter"><img loading="lazy" width="900" height="600" src="https://cc-lesrochesdouvres.fr/wp-content/uploads/2019/01/LOeil-de-Paco-Coiffeur-Deglave-16.jpg" alt="" class="wp-image-125" srcset="https://cc-lesrochesdouvres.fr/wp-content/uploads/2019/01/LOeil-de-Paco-Coiffeur-Deglave-16.jpg 900w, https://cc-lesrochesdouvres.fr/wp-content/uploads/2019/01/LOeil-de-Paco-Coiffeur-Deglave-16-300x200.jpg 300w, https://cc-lesrochesdouvres.fr/wp-content/uploads/2019/01/LOeil-de-Paco-Coiffeur-Deglave-16-768x512.jpg 768w" sizes="(max-width: 900px) 100vw, 900px" /></figure></div>



<p>Dans son espace de 100m<sup>2</sup>, le salon dédie un espace exclusivement réservés aux femmes et un autre dédié aux hommes : le Barber shop, espace spécialisé dans la coiffure homme et la taille de barbes.</p>



<div class="wp-block-image"><figure class="aligncenter"><img loading="lazy" width="900" height="600" src="https://cc-lesrochesdouvres.fr/wp-content/uploads/2019/01/LOeil-de-Paco-Coiffeur-Deglave-39.jpg" alt="" class="wp-image-127" srcset="https://cc-lesrochesdouvres.fr/wp-content/uploads/2019/01/LOeil-de-Paco-Coiffeur-Deglave-39.jpg 900w, https://cc-lesrochesdouvres.fr/wp-content/uploads/2019/01/LOeil-de-Paco-Coiffeur-Deglave-39-300x200.jpg 300w, https://cc-lesrochesdouvres.fr/wp-content/uploads/2019/01/LOeil-de-Paco-Coiffeur-Deglave-39-768x512.jpg 768w" sizes="(max-width: 900px) 100vw, 900px" /></figure></div>



<p>L&rsquo;équipe composée de Yann, Cindy et Lorène est toujours à l&rsquo;affût des tendances et en formation continue avec la marque Réveillon Paris.</p>



<blockquote class="wp-block-quote"><p>Nous faisons régulièrement des stages chez cette grande marque reconnue dans la cosmétique.</p></blockquote>



<div class="wp-block-image"><figure class="aligncenter"><img loading="lazy" width="400" height="600" src="https://cc-lesrochesdouvres.fr/wp-content/uploads/2019/01/LOeil-de-Paco-Coiffeur-Deglave-75.jpg" alt="" class="wp-image-136" srcset="https://cc-lesrochesdouvres.fr/wp-content/uploads/2019/01/LOeil-de-Paco-Coiffeur-Deglave-75.jpg 400w, https://cc-lesrochesdouvres.fr/wp-content/uploads/2019/01/LOeil-de-Paco-Coiffeur-Deglave-75-200x300.jpg 200w" sizes="(max-width: 400px) 100vw, 400px" /></figure></div>

<p>Horaires : Ouvert tous les jours du lundi au samedi, et sur l&rsquo;heure de midi&nbsp;(uniquement&nbsp;sur&nbsp;rendez-vous) Contact : 02 96 20 14 21 Dans son espace de 100m2, le salon dédie un espace exclusivement réservés aux femmes et un autre dédié aux hommes : le Barber shop, espace spécialisé dans la coiffure homme et la taille [&hellip;]</p>
