{"id":24,"date":"2019-01-11T16:31:07","date_gmt":"2019-01-11T15:31:07","guid":{"rendered":"https:\/\/cc-lesrochesdouvres.fr\/?page_id=24"},"modified":"2019-01-23T14:54:23","modified_gmt":"2019-01-23T13:54:23","slug":"latelier-des-saveurs","status":"publish","type":"page","link":"https:\/\/cc-lesrochesdouvres.fr\/index.php\/latelier-des-saveurs\/","title":{"rendered":"L&rsquo;atelier des Saveurs"},"content":{"rendered":"\n<p style=\"text-align:center\"><strong>Horaires : Ouvert le lundi de 8h30 \u00e0 11h30 et de 15h \u00e0 19h30.<br>Ouvert en continu du mardi au samedi de 8h30 \u00e0 19h30.<\/strong><\/p>\n\n\n\n<p style=\"text-align:center\"><strong>Contact : 02&nbsp;96&nbsp;22&nbsp;13&nbsp;79<\/strong><\/p>\n\n\n\n<div class=\"wp-block-image\"><figure class=\"aligncenter\"><img loading=\"lazy\" width=\"900\" height=\"600\" src=\"https:\/\/cc-lesrochesdouvres.fr\/wp-content\/uploads\/2019\/01\/LOeil-de-Paco-Primeur-Franck-Cadet-53.jpg\" alt=\"\" class=\"wp-image-152\" srcset=\"https:\/\/cc-lesrochesdouvres.fr\/wp-content\/uploads\/2019\/01\/LOeil-de-Paco-Primeur-Franck-Cadet-53.jpg 900w, https:\/\/cc-lesrochesdouvres.fr\/wp-content\/uploads\/2019\/01\/LOeil-de-Paco-Primeur-Franck-Cadet-53-300x200.jpg 300w, https:\/\/cc-lesrochesdouvres.fr\/wp-content\/uploads\/2019\/01\/LOeil-de-Paco-Primeur-Franck-Cadet-53-768x512.jpg 768w\" sizes=\"(max-width: 900px) 100vw, 900px\" \/><\/figure><\/div>\n\n\n\n<p>Cuisinier de formation Franck Cadet a travaill\u00e9 dans la restauration, notamment \u00e0 Paris au Moulin de la Galette et au ch\u00e2teau de Coatguelen \u00e0 Pl\u00e9h\u00e9del. L&rsquo;Atelier des saveurs a ouvert ses portes \u00e0 Pleudaniel depuis juillet 2015.<\/p>\n\n\n\n<div class=\"wp-block-image\"><figure class=\"aligncenter\"><img loading=\"lazy\" width=\"900\" height=\"600\" src=\"https:\/\/cc-lesrochesdouvres.fr\/wp-content\/uploads\/2019\/01\/LOeil-de-Paco-Primeur-Franck-Cadet-3.jpg\" alt=\"\" class=\"wp-image-155\" srcset=\"https:\/\/cc-lesrochesdouvres.fr\/wp-content\/uploads\/2019\/01\/LOeil-de-Paco-Primeur-Franck-Cadet-3.jpg 900w, https:\/\/cc-lesrochesdouvres.fr\/wp-content\/uploads\/2019\/01\/LOeil-de-Paco-Primeur-Franck-Cadet-3-300x200.jpg 300w, https:\/\/cc-lesrochesdouvres.fr\/wp-content\/uploads\/2019\/01\/LOeil-de-Paco-Primeur-Franck-Cadet-3-768x512.jpg 768w\" sizes=\"(max-width: 900px) 100vw, 900px\" \/><\/figure><\/div>\n\n\n\n<p>Sur 190m<sup>2<\/sup>, vous trouverez un large choix d&rsquo;\u00e9picerie fine, fruits, l\u00e9gumes, charcuterie, fromage&#8230; Tous ces produits proviennent quasiment en totalit\u00e9 d&rsquo;entreprise locales. Les productions biologiques y trouvent une large place au rayon fruits et l\u00e9gumes, mais aussi en cr\u00e9merie.<\/p>\n\n\n\n<div class=\"wp-block-image\"><figure class=\"aligncenter\"><img loading=\"lazy\" width=\"900\" height=\"600\" src=\"https:\/\/cc-lesrochesdouvres.fr\/wp-content\/uploads\/2019\/01\/LOeil-de-Paco-Primeur-Franck-Cadet-22.jpg\" alt=\"\" class=\"wp-image-161\" srcset=\"https:\/\/cc-lesrochesdouvres.fr\/wp-content\/uploads\/2019\/01\/LOeil-de-Paco-Primeur-Franck-Cadet-22.jpg 900w, https:\/\/cc-lesrochesdouvres.fr\/wp-content\/uploads\/2019\/01\/LOeil-de-Paco-Primeur-Franck-Cadet-22-300x200.jpg 300w, https:\/\/cc-lesrochesdouvres.fr\/wp-content\/uploads\/2019\/01\/LOeil-de-Paco-Primeur-Franck-Cadet-22-768x512.jpg 768w\" sizes=\"(max-width: 900px) 100vw, 900px\" \/><\/figure><\/div>\n\n\n\n<p>Des plateaux ap\u00e9ros, paniers garnis, plateaux de fromages, peuvent \u00eatre \u00e9galement confectionn\u00e9s.<\/p>\n\n\n\n<div class=\"wp-block-image\"><figure class=\"aligncenter\"><img loading=\"lazy\" width=\"900\" height=\"600\" src=\"https:\/\/cc-lesrochesdouvres.fr\/wp-content\/uploads\/2019\/01\/LOeil-de-Paco-Primeur-Franck-Cadet-69.jpg\" alt=\"\" class=\"wp-image-162\" srcset=\"https:\/\/cc-lesrochesdouvres.fr\/wp-content\/uploads\/2019\/01\/LOeil-de-Paco-Primeur-Franck-Cadet-69.jpg 900w, https:\/\/cc-lesrochesdouvres.fr\/wp-content\/uploads\/2019\/01\/LOeil-de-Paco-Primeur-Franck-Cadet-69-300x200.jpg 300w, https:\/\/cc-lesrochesdouvres.fr\/wp-content\/uploads\/2019\/01\/LOeil-de-Paco-Primeur-Franck-Cadet-69-768x512.jpg 768w\" sizes=\"(max-width: 900px) 100vw, 900px\" \/><\/figure><\/div>\n","protected":false},"excerpt":{"rendered":"<p>Horaires : Ouvert le lundi de 8h30 \u00e0 11h30 et de 15h \u00e0 19h30.Ouvert en continu du mardi au samedi de 8h30 \u00e0 19h30. Contact : 02&nbsp;96&nbsp;22&nbsp;13&nbsp;79 Cuisinier de formation Franck Cadet a travaill\u00e9 dans la restauration, notamment \u00e0 Paris au Moulin de la Galette et au ch\u00e2teau de Coatguelen \u00e0 Pl\u00e9h\u00e9del. L&rsquo;Atelier des saveurs [&hellip;]<\/p>\n","protected":false},"author":1,"featured_media":0,"parent":0,"menu_order":0,"comment_status":"closed","ping_status":"closed","template":"fullwidth.php","meta":[],"_links":{"self":[{"href":"https:\/\/cc-lesrochesdouvres.fr\/index.php\/wp-json\/wp\/v2\/pages\/24"}],"collection":[{"href":"https:\/\/cc-lesrochesdouvres.fr\/index.php\/wp-json\/wp\/v2\/pages"}],"about":[{"href":"https:\/\/cc-lesrochesdouvres.fr\/index.php\/wp-json\/wp\/v2\/types\/page"}],"author":[{"embeddable":true,"href":"https:\/\/cc-lesrochesdouvres.fr\/index.php\/wp-json\/wp\/v2\/users\/1"}],"replies":[{"embeddable":true,"href":"https:\/\/cc-lesrochesdouvres.fr\/index.php\/wp-json\/wp\/v2\/comments?post=24"}],"version-history":[{"count":8,"href":"https:\/\/cc-lesrochesdouvres.fr\/index.php\/wp-json\/wp\/v2\/pages\/24\/revisions"}],"predecessor-version":[{"id":164,"href":"https:\/\/cc-lesrochesdouvres.fr\/index.php\/wp-json\/wp\/v2\/pages\/24\/revisions\/164"}],"wp:attachment":[{"href":"https:\/\/cc-lesrochesdouvres.fr\/index.php\/wp-json\/wp\/v2\/media?parent=24"}],"curies":[{"name":"wp","href":"https:\/\/api.w.org\/{rel}","templated":true}]}}

<p style="text-align:center"><strong>Horaires : Ouvert le lundi de 8h30 à 11h30 et de 15h à 19h30.<br>Ouvert en continu du mardi au samedi de 8h30 à 19h30.</strong></p>



<p style="text-align:center"><strong>Contact : 02&nbsp;96&nbsp;22&nbsp;13&nbsp;79</strong></p>



<div class="wp-block-image"><figure class="aligncenter"><img loading="lazy" width="900" height="600" src="https://cc-lesrochesdouvres.fr/wp-content/uploads/2019/01/LOeil-de-Paco-Primeur-Franck-Cadet-53.jpg" alt="" class="wp-image-152" srcset="https://cc-lesrochesdouvres.fr/wp-content/uploads/2019/01/LOeil-de-Paco-Primeur-Franck-Cadet-53.jpg 900w, https://cc-lesrochesdouvres.fr/wp-content/uploads/2019/01/LOeil-de-Paco-Primeur-Franck-Cadet-53-300x200.jpg 300w, https://cc-lesrochesdouvres.fr/wp-content/uploads/2019/01/LOeil-de-Paco-Primeur-Franck-Cadet-53-768x512.jpg 768w" sizes="(max-width: 900px) 100vw, 900px" /></figure></div>



<p>Cuisinier de formation Franck Cadet a travaillé dans la restauration, notamment à Paris au Moulin de la Galette et au château de Coatguelen à Pléhédel. L&rsquo;Atelier des saveurs a ouvert ses portes à Pleudaniel depuis juillet 2015.</p>



<div class="wp-block-image"><figure class="aligncenter"><img loading="lazy" width="900" height="600" src="https://cc-lesrochesdouvres.fr/wp-content/uploads/2019/01/LOeil-de-Paco-Primeur-Franck-Cadet-3.jpg" alt="" class="wp-image-155" srcset="https://cc-lesrochesdouvres.fr/wp-content/uploads/2019/01/LOeil-de-Paco-Primeur-Franck-Cadet-3.jpg 900w, https://cc-lesrochesdouvres.fr/wp-content/uploads/2019/01/LOeil-de-Paco-Primeur-Franck-Cadet-3-300x200.jpg 300w, https://cc-lesrochesdouvres.fr/wp-content/uploads/2019/01/LOeil-de-Paco-Primeur-Franck-Cadet-3-768x512.jpg 768w" sizes="(max-width: 900px) 100vw, 900px" /></figure></div>



<p>Sur 190m<sup>2</sup>, vous trouverez un large choix d&rsquo;épicerie fine, fruits, légumes, charcuterie, fromage&#8230; Tous ces produits proviennent quasiment en totalité d&rsquo;entreprise locales. Les productions biologiques y trouvent une large place au rayon fruits et légumes, mais aussi en crémerie.</p>



<div class="wp-block-image"><figure class="aligncenter"><img loading="lazy" width="900" height="600" src="https://cc-lesrochesdouvres.fr/wp-content/uploads/2019/01/LOeil-de-Paco-Primeur-Franck-Cadet-22.jpg" alt="" class="wp-image-161" srcset="https://cc-lesrochesdouvres.fr/wp-content/uploads/2019/01/LOeil-de-Paco-Primeur-Franck-Cadet-22.jpg 900w, https://cc-lesrochesdouvres.fr/wp-content/uploads/2019/01/LOeil-de-Paco-Primeur-Franck-Cadet-22-300x200.jpg 300w, https://cc-lesrochesdouvres.fr/wp-content/uploads/2019/01/LOeil-de-Paco-Primeur-Franck-Cadet-22-768x512.jpg 768w" sizes="(max-width: 900px) 100vw, 900px" /></figure></div>



<p>Des plateaux apéros, paniers garnis, plateaux de fromages, peuvent être également confectionnés.</p>



<div class="wp-block-image"><figure class="aligncenter"><img loading="lazy" width="900" height="600" src="https://cc-lesrochesdouvres.fr/wp-content/uploads/2019/01/LOeil-de-Paco-Primeur-Franck-Cadet-69.jpg" alt="" class="wp-image-162" srcset="https://cc-lesrochesdouvres.fr/wp-content/uploads/2019/01/LOeil-de-Paco-Primeur-Franck-Cadet-69.jpg 900w, https://cc-lesrochesdouvres.fr/wp-content/uploads/2019/01/LOeil-de-Paco-Primeur-Franck-Cadet-69-300x200.jpg 300w, https://cc-lesrochesdouvres.fr/wp-content/uploads/2019/01/LOeil-de-Paco-Primeur-Franck-Cadet-69-768x512.jpg 768w" sizes="(max-width: 900px) 100vw, 900px" /></figure></div>

<p>Horaires : Ouvert le lundi de 8h30 à 11h30 et de 15h à 19h30.Ouvert en continu du mardi au samedi de 8h30 à 19h30. Contact : 02&nbsp;96&nbsp;22&nbsp;13&nbsp;79 Cuisinier de formation Franck Cadet a travaillé dans la restauration, notamment à Paris au Moulin de la Galette et au château de Coatguelen à Pléhédel. L&rsquo;Atelier des saveurs [&hellip;]</p>
